inder when 6458 is divided by 165?
23
What is the remainder when 7469 is divided by 58?
45
Calculate the remainder when 27247 is divided by 3391.
119
What is the remainder when 3337 is divided by 918?
583
What is the remainder when 379 is divided by 55?
49
Calculate the remainder when 7009 is divided by 352.
321
What is the remainder when 399 is divided by 15?
9
Calculate the remainder when 8223 is divided by 317.
298
What is the remainder when 6082 is divided by 276?
10
What is the remainder when 541394 is divided by 20?
14
What is the remainder when 264703 is divided by 53?
21
Calculate the remainder when 8652 is divided by 42.
0
Calculate the remainder when 12614 is divided by 4201.
11
What is the remainder when 8159567 is divided by 19?
17
What is the remainder when 5213 is divided by 4290?
923
Calculate the remainder when 3931090 is divided by 22.
20
What is the remainder when 474551 is divided by 255?
251
Calculate the remainder when 28378 is divided by 63.
28
What is the remainder when 10712 is divided by 159?
59
What is the remainder when 901 is divided by 773?
128
Calculate the remainder when 10873165 is divided by 166.
165
What is the remainder when 3149 is divided by 42?
41
What is the remainder when 177537 is divided by 60?
57
Calculate the remainder when 6478 is divided by 21.
10
Calculate the remainder when 97760 is divided by 202.
194
What is the remainder when 3289 is divided by 932?
493
Calculate the remainder when 26627 is divided by 104.
3
Calculate the remainder when 64286 is divided by 2571.
11
What is the remainder when 1697 is divided by 551?
44
Calculate the remainder when 5093 is divided by 133.
39
Calculate the remainder when 3098 is divided by 511.
32
What is the remainder when 4812 is divided by 4781?
31
What is the remainder when 2575 is divided by 840?
55
What is the remainder when 7011 is divided by 1749?
15
Calculate the remainder when 157257 is divided by 254.
31
Calculate the remainder when 12034 is divided by 188.
2
Calculate the remainder when 9024 is divided by 701.
612
Calculate the remainder when 18526 is divided by 2479.
1173
Calculate the remainder when 758 is divided by 26.
4
What is the remainder when 125278 is divided by 58?
56
What is the remainder when 136089 is divided by 66?
63
Calculate the remainder when 3012 is divided by 37.
15
Calculate the remainder when 543011 is divided by 6.
5
Calculate the remainder when 49000 is divided by 2722.
4
What is the remainder when 60737 is divided by 179?
56
Calculate the remainder when 6253 is divided by 186.
115
What is the remainder when 4619 is divided by 56?
27
What is the remainder when 29935 is divided by 76?
67
Calculate the remainder when 249998 is divided by 1282.
8
What is the remainder when 1664 is divided by 1652?
12
What is the remainder when 64596 is divided by 2162?
1898
What is the remainder when 1847560 is divided by 15?
10
What is the remainder when 245949 is divided by 122966?
17
Calculate the remainder when 52666 is divided by 3761.
12
What is the remainder when 439 is divided by 411?
28
What is the remainder when 182038 is divided by 148?
146
Calculate the remainder when 7444 is divided by 46.
38
What is the remainder when 5058 is divided by 1600?
258
What is the remainder when 3250 is divided by 1620?
10
Calculate the remainder when 9639 is divided by 2402.
31
What is the remainder when 1254 is divided by 246?
24
Calculate the remainder when 384 is divided by 73.
19
Calculate the remainder when 38491 is divided by 9.
7
Calculate the remainder when 34592 is divided by 427.
5
What is the remainder when 134586 is divided by 437?
427
What is the remainder when 8536 is divided by 39?
34
What is the remainder when 2767 is divided by 1349?
69
Calculate the remainder when 106239 is divided by 160.
159
Calculate the remainder when 14767 is divided by 102.
79
Calculate the remainder when 49941 is divided by 24967.
7
What is the remainder when 132959 is divided by 3692?
47
What is the remainder when 12891 is divided by 4262?
105
Calculate the remainder when 254 is divided by 19.
7
What is the remainder when 1928469 is divided by 10?
9
Calculate the remainder when 15787 is divided by 15770.
17
Calculate the remainder when 99776 is divided by 27.
11
Calculate the remainder when 3102 is divided by 15.
12
Calculate the remainder when 4001 is divided by 1163.
512
What is the remainder when 14991 is divided by 163?
158
What is the remainder when 60136 is divided by 439?
432
What is the remainder when 3591 is divided by 238?
21
Calculate the remainder when 7649 is divided by 826.
215
What is the remainder when 62100 is divided by 225?
0
Calculate the remainder when 11989 is divided by 480.
469
Calculate the remainder when 215221 is divided by 28.
13
What is the remainder when 2690 is divided by 274?
224
What is the remainder when 100 is divided by 42?
16
Calculate the remainder when 184649 is divided by 92317.
15
Calculate the remainder when 3057 is divided by 219.
210
What is the remainder when 38452 is divided by 4804?
20
What is the remainder when 2695348 is divided by 436?
432
Calculate the remainder when 3561 is divided by 4.
1
Calculate the remainder when 420590 is divided by 14.
2
What is the remainder when 2375158 is divided by 71?
66
What is the remainder when 6389 is divided by 3188?
13
Calculate the remainder when 77307 is divided by 63.
6
Calculate the remainder when 33990 is divided by 148.
98
Calculate the remainder when 11235 is divided by 1327.
619
Calculate the remainder when 6847 is divided by 130.
87
What is the remainder when 12795 is divided by 3838?
1281
What is the remainder when 13616 is divided by 1701?
8
What is the remainder when 13020 is divided by 334?
328
Calculate the remainder when 339552 is divided by 21.
3
What is the remainder when 13009 is divided by 297?
238
Calculate the remainder when 172714 is divided by 321.
16
Calculate the remainder when 78015 is divided by 18.
3
What is the remainder when 9717 is divided by 68?
61
Calculate the remainder when 1317846 is divided by 244.
2
What is the remainder when 52912 is divided by 58?
16
Calculate the remainder when 1435 is divided by 704.
27
What is the remainder when 217569 is divided by 473?
462
What is the remainder when 2229 is divided by 514?
173
Calculate the remainder when 3895513 is divided by 17.
14
What is the remainder when 350 is divided by 253?
97
Calculate the remainder when 2046790 is divided by 66.
64
Calculate the remainder when 13691 is divided by 907.
86
What is the remainder when 5875 is divided by 138?
79
Calculate the remainder when 96937 is divided by 19.
18
Calculate the remainder when 5976 is divided by 22.
14
Calculate the remainder when 1396462 is divided by 94.
92
Calculate the remainder when 1173607 is divided by 66.
61
What is the remainder when 320860 is divided by 45835?
15
What is the remainder when 27283 is divided by 51?
49
What is the remainder when 1346 is divided by 278?
234
What is the remainder when 1750 is divided by 82?
28
What is the remainder when 209904 is divided by 487?
7
Calculate the remainder when 6202 is divided by 11.
9
What is the remainder when 16866 is divided by 241?
237
Calculate the remainder when 424 is divided by 33.
28
What is the remainder when 5393 is divided by 128?
17
What is the remainder when 648262 is divided by 63?
55
Calculate the remainder when 3296 is divided by 55.
51
Calculate the remainder when 3594 is divided by 148.
42
Calculate the remainder when 56869 is divided by 56861.
8
What is the remainder when 160064 is divided by 687?
680
Calculate the remainder when 7554990 is divided by 166.
164
What is the remainder when 7928 is divided by 36?
8
What is the remainder when 9292 is divided by 1029?
31
What is the remainder when 13533 is divided by 4495?
48
What is the remainder when 30951 is divided by 659?
637
Calculate the remainder when 949 is divided by 92.
29
What is the remainder when 4001 is divided by 400?
1
What is the remainder when 152014 is divided by 623?
2
What is the remainder when 525851 is divided by 19?
7
Calculate the remainder when 204752 is divided by 102375.
2
Calculate the remainder when 594669 is divided by 624.
621
Calculate the remainder when 9688 is divided by 425.
338
Wha